NOAA-Style Climate Reports

Select a Year or Month report
2020: Jan Feb Mar Apr May Jun Jul Aug Sep Oct Nov Dec
2019: Jan Feb Mar Apr May Jun Jul Aug Sep Oct Nov Dec

Report for 2019 December
                   Monthly Climatological Summary for dec. 2019

Name: De Wilgen - Wagenborgen   City: Wagenborgen / Delfzijl   State: Groningen
Elevation: 0 m  Lat: N 53 15 32   Lon: E 006 55 53

                  Temperature (°C), Rain (mm), Wind Speed (km/h)

                                      Heat  Cool        Avg
    Mean                              Deg   Deg         Wind                 Dom
Day Temp  High   Time   Low    Time   Days  Days  Rain  Speed High   Time    Dir
----------------------------------------------------------------------------------
01   2,1   4,2   14:03  -0,6   09:13  16,2   0,0   0,2   0,1   8,0   22:02     W
02   5,1   8,7   13:57   2,0   00:28  13,2   0,0   2,2   1,7  20,9   13:51   WNW
03   5,9   8,4   12:19   4,3   22:33  12,4   0,0   0,4   2,2  17,7   11:53   SSW
04   4,5   7,8   12:52   0,9   23:58  13,8   0,0   0,0   2,5  19,3   00:25     S
05   1,9   5,6   23:58  -0,1   05:13  16,4   0,0   0,8   5,2  35,4   21:54     S
06   6,9   8,7   21:08   5,6   00:00  11,4   0,0   6,4  12,5  45,1   02:46     S
07   9,0  10,1   13:03   8,2   23:58   9,3   0,0   1,4   5,5  25,7   09:57    SW
08   8,8  10,6   13:47   6,3   23:34   9,5   0,0   5,6  12,2  46,7   04:39     S
09   6,2   7,9   12:37   4,4   21:53  12,1   0,0   4,0   9,0  49,9   17:50   WNW
10   4,8   6,8   13:47   2,6   08:57  13,4   0,0   0,0   8,1  45,1   20:29   SSE
11   5,9   7,2   13:45   4,4   21:56  12,4   0,0   2,2   4,9  37,0   01:49     S
12   4,5   6,2   13:04   2,8   19:49  13,8   0,0   0,2   6,1  32,2   21:32   SSE
13   3,2   4,4   23:46   2,1   08:12  15,1   0,0   1,0   3,5  29,0   00:17    SE
14   5,4   7,0   13:18   3,4   23:55  12,9   0,0   1,4   7,9  40,2   18:51   SSW
15   6,2   8,6   13:08   2,8   01:54  12,1   0,0   3,8  11,0  49,9   12:10     S
16   5,7   8,2   14:39   3,6   02:15  12,6   0,0   0,4   4,9  20,9   13:24   SSE
17  10,4  12,0   15:58   6,7   23:58   4,4   0,0   3,8   4,3  29,0   23:48     S
18   5,7   7,5   13:13   3,6   20:40  12,6   0,0   0,0   2,7  24,1   00:11   SSW
19   7,8  12,5   14:25   3,5   00:45  10,5   0,0   0,2   3,5  24,1   12:18   SSE
20   9,4  12,3   14:27   7,4   05:14   8,9   0,0   0,0   6,7  37,0   13:08   SSE
21   7,6   9,2   12:28   5,0   07:46  10,7   0,0   0,2   7,4  25,7   02:16   SSE
22   6,8   8,0   21:28   5,2   02:50  11,5   0,0   1,2   2,6  22,5   22:01     S
23   7,5   8,8   13:50   6,6   21:21  10,8   0,0   1,0   4,1  25,7   13:43    SW
24   6,2   7,3   20:02   5,1   12:41  12,1   0,0   6,0   2,4  20,9   01:02     S
25   5,8   8,2   14:32   3,5   22:13  12,5   0,0   1,0   1,3  24,1   11:26    NW
26   4,7   6,8   13:46   2,5   22:18  13,6   0,0   0,2   0,1   8,0   13:25     W
27   2,7   5,0   12:15  -0,8   23:46  15,6   0,0   0,0   2,4  20,9   13:59    NE
28  -0,2   1,0   12:32  -1,7   06:29  18,5   0,0   0,2   1,2  16,1   13:02   SSE
29   1,0   3,6   23:55  -1,3   05:40  17,3   0,0   0,0   3,6  19,3   23:30   SSE
30   5,0   7,9   13:35   3,5   00:00  13,3   0,0   0,0   5,4  25,7   19:45     S
31   4,8   8,2   13:25   0,0   23:59  13,5   0,0   0,2   1,3  22,5   00:18   WNW
----------------------------------------------------------------------------------
     5,5  12,5    19    -1,7    28   392,4   0,0  44,0   4,7  49,9     9       S

Max >=  25,0  0
Max <=  30,0 31
Min <=   0,0  6
Min <=  -5,0  0
Max Rain: 6,4 on day 6
Days of Rain: 24 (>= 0,2 mm)  8 (>= 2,0 mm)  0 (>= 20,0 mm)
Heat Base: 18,3  Cool Base: 18,3  Method: Integration