NOAA-Style Climate Reports

Select a Year or Month report
2020: Jan Feb Mar Apr May Jun Jul Aug Sep Oct Nov Dec
2019: Jan Feb Mar Apr May Jun Jul Aug Sep Oct Nov Dec

Report for 2019 November
                   Monthly Climatological Summary for nov. 2019

Name: De Wilgen - Wagenborgen   City: Wagenborgen / Delfzijl   State: Groningen
Elevation: 0 m  Lat: N 53 15 32   Lon: E 006 55 53

                  Temperature (°C), Rain (mm), Wind Speed (km/h)

                                      Heat  Cool        Avg
    Mean                              Deg   Deg         Wind                 Dom
Day Temp  High   Time   Low    Time   Days  Days  Rain  Speed High   Time    Dir
----------------------------------------------------------------------------------
01   3,8   9,6   23:53  -0,4   02:04  14,5   0,0   3,0   2,4  19,3   12:31   SSE
02  12,0  14,8   11:06   9,6   00:00   6,3   0,0   7,4   7,0  30,6   12:36   SSE
03  10,8  12,8   13:27   9,3   08:14   7,5   0,0   9,4   3,7  24,1   00:17   SSE
04   9,9  11,8   15:01   7,5   18:45   8,4   0,0   1,4   1,4  17,7   02:39   SSE
05   9,4  10,8   13:48   7,9   23:26   8,9   0,0   2,8   1,0  14,5   20:31     N
06   7,3  10,2   12:12   4,7   22:34  11,0   0,0   0,6   1,3  19,3   12:14     N
07   6,0   8,6   19:29   1,8   03:15  12,3   0,0   4,0   1,2  19,3   19:09   SSE
08   5,2   9,6   13:50   1,8   22:04  13,1   0,0   0,2   3,0  16,1   05:56   SSE
09   4,3   7,3   14:08   0,4   03:53  14,0   0,0   2,0   4,5  27,4   17:59   SSE
10   5,8   9,4   13:54   2,8   23:57  12,5   0,0   0,0   4,2  19,3   02:35   SSE
11   4,2   7,1   17:08   1,2   02:51  14,1   0,0   0,6   7,4  32,2   18:35   SSE
12   5,0   6,6   14:48   3,2   23:51  13,3   0,0   3,2   8,3  27,4   11:49   SSE
13   5,6   9,7   13:27   3,1   00:44  12,7   0,0   1,4   7,4  32,2   02:09   SSE
14   4,0   7,0   13:42   1,9   09:00  14,3   0,0   0,0   0,5  16,1   17:02     E
15   4,4   5,4   18:07   3,5   04:48  13,9   0,0   0,0   4,0  30,6   08:51    NE
16   4,8   6,1   15:07   3,1   23:51  13,5   0,0   3,2   2,9  19,3   14:00     S
17   3,7   6,4   23:45   1,1   07:07  14,6   0,0   0,6   2,0  22,5   23:39   ENE
18   7,2   8,0   18:28   6,0   01:33  11,1   0,0  12,6  10,6  38,6   05:28     N
19   6,3   9,2   12:47   1,7   22:26  12,0   0,0   1,0   2,3  24,1   04:08     W
20   0,2   2,3   00:00  -1,0   09:25  18,1   0,0   0,2   0,4   8,0   09:46    SW
21   2,0   4,4   18:22  -1,2   03:04  16,3   0,0   0,2   0,6  16,1   09:39   ENE
22   4,8   9,2   14:13   2,1   06:11  13,5   0,0   0,6   1,2  20,9   13:46   SSE
23   6,6   9,2   12:48   3,9   05:06  11,7   0,0   0,0   2,1  25,7   14:11     E
24   6,3   7,1   12:58   5,4   04:08  12,0   0,0   0,0   0,9  17,7   01:53   ESE
25   5,8   6,9   14:45   5,2   03:29  12,5   0,0   0,0   0,5  11,3   20:23   SSE
26   7,5  10,1   19:30   4,3   02:13  10,8   0,0   0,4   3,9  20,9   22:09   SSE
27   9,6  11,6   15:06   8,8   02:48   8,7   0,0   5,6   5,1  24,1   11:07   SSE
28   9,3  10,8   14:29   7,1   23:22   9,0   0,0   5,8   7,7  37,0   02:06    SW
29   5,5   7,4   13:08   3,2   21:56  12,8   0,0   1,2   5,8  38,6   10:11    NW
30   4,0   7,6   12:43   0,8   22:26  14,3   0,0   1,6   1,1  24,1   00:00     W
----------------------------------------------------------------------------------
     6,0  14,8     2    -1,2    21   367,7   0,0  69,0   3,5  38,6    18     SSE

Max >=  25,0  0
Max <=  30,0 30
Min <=   0,0  3
Min <=  -5,0  0
Max Rain: 12,6 on day 18
Days of Rain: 24 (>= 0,2 mm)  11 (>= 2,0 mm)  0 (>= 20,0 mm)
Heat Base: 18,3  Cool Base: 18,3  Method: Integration