NOAA-Style Climate Reports

Select a Year or Month report
2019: Jan Feb Mar Apr May Jun Jul Aug Sep Oct Nov Dec

Report for 2019 September
                   Monthly Climatological Summary for sep 2019

Name: De Wilgen - Wagenborgen   City: Wagenborgen / Delfzijl   State: Groningen
Elevation: 0 m  Lat: N 53 15 32   Lon: E 006 55 53

                  Temperature (°C), Rain (mm), Wind Speed (km/h)

                                      Heat  Cool        Avg
    Mean                              Deg   Deg         Wind                 Dom
Day Temp  High   Time   Low    Time   Days  Days  Rain  Speed High   Time    Dir
----------------------------------------------------------------------------------
01  17,4  20,9   15:40  12,2   23:53   1,3   0,3   1,8   1,8  25,7   16:30   WNW
02  15,6  20,5   17:10  10,9   06:57   3,0   0,2   0,2   1,2  20,9   17:40   WSW
03  17,4  20,3   14:11  14,8   05:21   1,3   0,4   1,4   3,3  22,5   10:18     S
04  16,3  21,2   12:06  12,7   23:50   2,2   0,2   2,0   5,2  32,2   11:48   SSE
05  13,9  17,3   13:06  10,5   23:16   4,4   0,0   4,8   5,0  40,2   12:38   WNW
06  13,5  17,9   13:28   9,9   01:52   4,8   0,0   4,4   5,1  27,4   13:36   SSE
07  14,1  19,6   12:44   9,6   06:26   4,3   0,0  18,4   1,7  19,3   12:56   NNW
08  14,3  19,1   16:45  10,7   23:26   4,0   0,0  23,6   1,3  19,3   11:47   NNW
09  13,0  19,7   14:20   8,0   05:46   5,3   0,0   0,2   0,9  20,9   14:29   WNW
10  13,8  19,7   15:50   8,4   05:07   4,6   0,1   0,0   1,9  24,1   15:53   WNW
11  13,8  16,4   22:39  10,4   01:46   4,5   0,0   8,8   5,1  33,8   13:09   SSE
12  17,6  21,9   15:43  14,4   07:39   1,5   0,9   0,2   2,3  24,1   13:27   SSW
13  16,8  19,4   14:45   9,7   23:59   1,6   0,1   0,4   6,4  30,6   11:36     N
14  13,4  20,1   17:13   8,2   07:07   5,1   0,1   0,0   0,4  11,3   11:40    SW
15  14,7  19,5   11:46  10,3   01:19   3,7   0,1   0,4   3,4  27,4   11:51   WSW
16  14,1  17,4   16:12  11,6   23:41   4,2   0,0   0,4   1,5  20,9   17:05   WNW
17  13,2  16,6   14:15  10,5   06:42   5,1   0,0   1,0   7,1  45,1   13:17    NW
18  12,7  16,3   14:15   9,6   06:51   5,6   0,0   0,0   4,6  33,8   11:33   NNW
19  11,7  16,5   15:56   7,1   23:44   6,6   0,0   0,0   2,5  22,5   12:46   NNW
20  11,7  16,8   15:51   6,0   04:08   6,6   0,0   0,0   0,6  11,3   11:20    SW
21  14,5  23,6   16:07   7,4   05:13   4,9   1,1   0,0   0,3  16,1   13:38    SE
22  16,6  25,7   16:07   8,4   07:11   3,6   2,0   0,0   0,7  22,5   12:44   SSE
23  16,9  19,1   01:34  13,0   23:13   1,4   0,0  11,6   0,6  19,3   02:44   SSW
24  15,2  19,6   14:17  11,6   04:17   2,9   0,2   5,2   1,9  24,1   17:49   SSE
25  15,1  18,5   16:08  13,9   21:06   3,2   0,0   6,6   0,8  16,1   14:46   SSE
26  16,1  17,3   21:06  14,1   00:58   2,2   0,0  10,6   5,3  24,1   14:46   SSE
27  15,9  19,4   14:50  13,6   02:40   2,5   0,0   1,2   6,1  27,4   23:43   SSE
28  14,9  18,2   13:41  13,0   01:32   3,4   0,0   8,0   7,5  38,6   16:15   SSE
29  14,6  16,5   23:30  13,2   09:19   3,7   0,0  25,2   6,8  30,6   13:23   SSE
30  14,8  17,7   15:25  12,6   23:50   3,5   0,0   8,8   6,6  48,3   03:49   WNW
----------------------------------------------------------------------------------
    14,8  25,7    22     6,0    20   111,0   5,7 145,2   3,3  48,3    30     SSW

Max >=  25,0  1
Max <=  30,0 30
Min <=   0,0  0
Min <=  -5,0  0
Max Rain: 25,2 on day 29
Days of Rain: 23 (>= 0,2 mm)  13 (>= 2,0 mm)  2 (>= 20,0 mm)
Heat Base: 18,3  Cool Base: 18,3  Method: Integration