NOAA-Style Climate Reports

Select a Year or Month report
2019: Jan Feb Mar Apr May Jun Jul Aug Sep Oct Nov Dec

Report for 2019 August
                   Monthly Climatological Summary for aug 2019

Name: De Wilgen - Wagenborgen   City: Wagenborgen / Delfzijl   State: Groningen
Elevation: 0 m  Lat: N 53 15 32   Lon: E 006 55 53

                  Temperature (°C), Rain (mm), Wind Speed (km/h)

                                      Heat  Cool        Avg
    Mean                              Deg   Deg         Wind                 Dom
Day Temp  High   Time   Low    Time   Days  Days  Rain  Speed High   Time    Dir
----------------------------------------------------------------------------------
01  18,9  24,3   14:39  14,4   06:25   1,0   1,7   0,4   3,2  25,7   11:48   SSE
02  19,7  25,0   13:53  15,0   02:52   0,8   2,2   0,2   5,7  32,2   19:03   NNE
03  19,1  21,7   13:42  15,4   02:35   0,2   1,0   0,0   3,3  25,7   13:24   NNW
04  19,6  24,0   14:33  15,2   06:59   0,6   1,9   0,0   2,5  17,7   10:55     N
05  20,6  27,3   14:16  16,0   01:31   0,5   2,8   0,2   1,3  22,5   16:32    SW
06  17,1  20,5   09:51  14,4   05:32   0,7   0,1   0,0   0,8  17,7   09:35   SSE
07  19,4  24,3   16:19  15,5   05:43   0,7   1,7   6,0   2,4  30,6   12:00     S
08  20,0  24,8   13:35  15,1   23:13   0,5   2,2   0,0   4,5  33,8   14:25   SSW
09  17,6  20,9   19:45  11,9   04:01   1,7   1,0   6,2   0,5  17,7   17:25   SSE
10  21,1  24,2   16:39  18,4   05:53   0,0   2,8   0,6   9,1  40,2   15:02   SSE
11  19,6  23,6   16:07  15,6   06:10   0,5   1,8   0,0   6,7  30,6   14:31   SSE
12  17,8  21,8   13:38  14,5   05:36   1,2   0,8   0,4   3,7  24,1   14:12     S
13  15,3  20,3   12:56  12,4   22:59   3,1   0,1   3,0   1,3  33,8   12:58    SW
14  16,2  22,2   13:49  10,5   05:36   2,9   0,8   0,8   2,5  27,4   14:36   SSE
15  17,9  21,5   16:21  14,9   02:30   1,1   0,7  11,0   5,1  25,7   14:14     S
16  19,0  22,8   16:24  15,4   06:36   0,8   1,4   0,4   3,5  25,7   15:03   SSE
17  18,8  23,6   16:39  16,6   03:40   0,6   1,0   3,8   6,9  32,2   14:13   SSE
18  17,5  20,2   18:01  14,9   23:30   1,2   0,3   0,6   2,8  25,7   14:09   SSE
19  17,7  22,4   16:54  14,1   05:57   1,6   1,1   0,4   4,7  27,4   11:02   SSE
20  17,2  22,2   15:51  13,2   05:46   2,0   0,9   0,0   3,1  30,6   13:09   SSW
21  16,7  22,6   13:05  10,9   06:01   2,9   1,2   0,0   1,5  20,9   12:42     S
22  18,6  26,1   16:41  10,9   06:18   2,4   2,7   0,0   2,2  27,4   13:35     S
23  18,8  26,8   14:57  11,6   02:13   2,1   2,6   0,0   2,7  19,3   15:35   NNE
24  22,1  31,6   16:25  14,8   05:18   0,9   4,7   0,0   0,8  20,9   17:46   ENE
25  23,4  32,6   15:30  15,7   06:31   0,5   5,5   0,0   1,3  19,3   16:57   NNE
26  22,8  31,6   15:13  13,8   06:42   0,9   5,3   0,0   3,8  25,7   17:09     N
27  25,7  34,1   14:40  18,3   06:50   0,0   7,4   0,0   1,0  17,7   15:38    NE
28  20,9  23,1   00:03  19,7   07:10   0,0   1,0   0,0   0,2   8,0   08:28   ESE
29  22,8  30,6   16:03  13,8   06:30   0,0   4,6   0,0   3,2  10,2   18:28   ESE
30  19,0  25,8   15:46  12,9   06:37   1,6   2,3   0,2   1,7  20,9   15:00   SSE
31  21,1  30,5   15:11  12,3   07:44   1,7   4,5   5,8   2,2  30,6   16:20   SSE
----------------------------------------------------------------------------------
    19,3  34,1    27    10,5    14    34,7  63,5  40,0   3,1  40,2    10     SSE

Max >=  25,0 10
Max <=  30,0 25
Min <=   0,0  0
Min <=  -5,0  0
Max Rain: 11,0 on day 15
Days of Rain: 16 (>= 0,2 mm)  6 (>= 2,0 mm)  0 (>= 20,0 mm)
Heat Base: 18,3  Cool Base: 18,3  Method: Integration