NOAA-Style Climate Reports

Select a Year or Month report
2019: Jan Feb Mar Apr May Jun Jul Aug Sep Oct Nov Dec

Report for 2019 July
                   Monthly Climatological Summary for jul 2019

Name: De Wilgen - Wagenborgen   City: Wagenborgen / Delfzijl   State: Groningen
Elevation: 0 m  Lat: N 53 15 32   Lon: E 006 55 53

                  Temperature (°C), Rain (mm), Wind Speed (km/h)

                                      Heat  Cool        Avg
    Mean                              Deg   Deg         Wind                 Dom
Day Temp  High   Time   Low    Time   Days  Days  Rain  Speed High   Time    Dir
----------------------------------------------------------------------------------
01  17,3  21,4   14:10  13,8   01:30   1,6   0,5   0,0   4,0  34,0   15:30     W
02  15,6  19,3   13:09  11,4   23:15   2,7   0,0   0,0   5,5  31,0   07:54    NW
03  14,5  18,5   13:05  10,8   05:26   3,8   0,0   0,0   5,4  34,0   12:50   NNW
04  15,8  21,7   16:46   7,9   03:13   3,3   0,7   0,0   2,3  23,0   17:58     W
05  16,9  21,1   16:24  15,0   01:54   1,7   0,3   0,0   2,6  24,0   09:36   WNW
06  15,4  18,9   10:55  12,7   04:31   2,9   0,0   1,8   3,6  27,4   16:47   WNW
07  13,8  16,7   18:34  10,8   04:22   4,5   0,0   0,4   4,2  27,4   17:30    NW
08  13,1  17,6   16:04  10,3   04:57   5,2   0,0   1,0   3,1  29,0   16:17    NW
09  14,2  18,8   16:17  10,6   23:59   4,1   0,0   0,2   4,6  29,0   13:22   NNW
10  13,8  18,6   14:59   9,3   01:40   4,5   0,0   1,4   0,7  16,1   16:18     S
11  16,3  20,4   17:29  12,7   04:41   2,3   0,3   2,4   1,0  17,7   10:33   SSE
12  17,2  22,7   14:47  14,6   04:27   1,6   0,6   5,4   3,7  24,1   15:11     N
13  15,9  19,4   12:22  13,3   21:40   2,4   0,0   0,2   5,4  25,7   10:34   NNW
14  14,5  16,7   15:47  13,1   04:49   3,8   0,0   0,0   3,5  22,5   03:23    NW
15  14,7  18,1   15:18  12,8   07:23   3,6   0,0   0,0   3,4  25,7   13:53    NW
16  14,9  17,3   16:51  13,1   06:26   3,4   0,0   0,2   2,5  20,9   11:12   WNW
17  16,9  23,2   17:24  13,1   05:37   2,3   0,9   0,2   0,8  17,7   16:53     N
18  18,2  25,4   15:05  11,6   03:20   2,0   2,0   0,4   2,4  22,5   14:03   SSE
19  19,2  25,0   18:00  15,0   05:41   1,0   1,9   0,6   0,5  16,1   11:43     W
20  19,6  25,1   11:51  16,6   06:13   0,4   1,7   2,4   3,4  27,4   09:37   SSE
21  18,0  22,3   14:27  12,9   23:10   1,3   1,0   0,0   2,9  30,6   11:03   WSW
22  19,2  25,6   19:10  11,8   00:56   1,7   2,6   0,0   2,4  24,1   12:15     S
23  22,5  31,4   15:55  15,0   05:39   0,7   4,9   0,0   2,5  25,7   17:00   NNE
24  26,7  35,9   15:35  17,4   06:09   0,0   8,4   0,0   0,9  19,3   14:00   SSE
25  26,6  36,1   16:52  16,9   05:50   0,1   8,4   0,0   1,6  19,3   16:29   NNE
26  27,1  33,9   15:50  21,3   05:29   0,0   8,8   0,2   2,5  30,6   19:43    NE
27  24,7  31,0   16:17  18,6   05:55   0,0   6,4   0,0   4,6  35,4   14:03    NE
28  23,6  30,3   17:10  18,4   06:04   0,0   5,3   1,8   3,9  25,7   12:34   NNE
29  21,3  26,3   13:05  16,2   23:50   0,1   3,1   0,0   3,0  20,9   15:13     N
30  22,4  31,2   18:14  14,6   01:54   0,9   5,0   0,0   1,3  20,9   19:44     S
31  19,8  25,4   15:03  16,0   23:45   0,3   1,8   0,6   3,7  38,6   15:34   SSE
----------------------------------------------------------------------------------
    18,4  36,1    25     7,9     4    62,2  64,6  19,2   3,0  38,6    31      NW

Max >=  25,0 13
Max <=  30,0 24
Min <=   0,0  0
Min <=  -5,0  0
Max Rain: 5,4 on day 12
Days of Rain: 16 (>= 0,2 mm)  3 (>= 2,0 mm)  0 (>= 20,0 mm)
Heat Base: 18,3  Cool Base: 18,3  Method: Integration