NOAA-Style Climate Reports

Select a Year or Month report
2019: Jan Feb Mar Apr May Jun Jul Aug Sep Oct Nov Dec

Report for 2019 June
                   Monthly Climatological Summary for jun 2019

Name: De Wilgen - Wagenborgen   City: Wagenborgen / Delfzijl   State: Groningen
Elevation: 0 m  Lat: N 53 15 32   Lon: E 006 55 53

                  Temperature (°C), Rain (mm), Wind Speed (km/h)

                                      Heat  Cool        Avg
    Mean                              Deg   Deg         Wind                 Dom
Day Temp  High   Time   Low    Time   Days  Days  Rain  Speed High   Time    Dir
----------------------------------------------------------------------------------
11  16,8  19,3   17:54  11,6   23:53   0,6   0,1   4,0   1,6  18,0   16:49   SSW
12  14,8  18,3   12:05   9,7   03:46   3,5   0,0  10,0   3,3  29,0   18:41    NE
13  15,5  21,1   18:20  11,2   03:48   3,1   0,4   0,2   5,9  31,0   12:09   SSE
14  17,9  24,3   17:51  10,9   05:27   2,2   1,8   0,0   2,4  21,0   15:49   SSE
15  16,6  20,2   13:52  11,7   23:56   1,8   0,1   7,0   2,0  31,0   15:30   WNW
16  16,5  21,4   12:42  10,7   04:11   2,6   0,8   0,2   1,9  23,0   11:04     S
17  19,4  26,1   18:13  12,2   05:17   1,7   2,8   0,0   1,9  18,0   11:41   SSE
18  19,3  26,8   13:30  12,6   04:40   1,4   2,4   0,0   3,9  24,0   18:57     N
19  20,4  27,1   15:55  13,8   05:19   1,0   3,1   2,6   2,0  24,0   16:36     S
20  16,5  20,5   15:07  12,1   23:40   1,9   0,1  11,4   1,8  27,0   15:50    NW
21  15,1  19,3   11:37   9,7   23:58   3,3   0,0   1,2   2,5  23,0   11:37   NNW
22  15,0  21,1   15:08   7,8   05:52   3,8   0,5   0,0   3,8  26,0   17:30   NNE
23  20,4  28,5   17:18  13,2   05:04   1,4   3,5   0,0   1,5  21,0   13:38    NE
24  23,3  30,2   16:03  16,3   05:06   0,3   5,4   0,0   0,6  21,0   16:08   SSE
25  25,7  33,8   17:27  17,1   05:25   0,1   7,5   0,0   1,2  19,0   13:02   SSE
26  18,7  23,6   00:44  14,7   23:46   0,6   1,0   0,0   6,3  27,0   12:28   NNW
27  14,9  17,7   14:59  12,1   03:29   3,4   0,0   0,0   6,2  27,0   12:48   NNW
28  15,7  19,7   15:34  11,2   23:58   2,7   0,2   0,0   5,4  24,0   17:54     N
29  20,2  31,8   18:21   9,4   04:03   2,8   4,7   0,0   0,5  16,0   14:41     E
30  20,8  26,9   11:01  14,8   23:46   0,4   2,9   0,0   4,2  29,0   11:12     W
----------------------------------------------------------------------------------
    18,2  33,8    25     7,8    22    38,6  37,3  36,6   3,0  31,0    13       N

Max >=  25,0  8
Max <=  30,0 17
Min <=   0,0  0
Min <=  -5,0  0
Max Rain: 11,4 on day 20
Days of Rain: 8 (>= 0,2 mm)  5 (>= 2,0 mm)  0 (>= 20,0 mm)
Heat Base: 18,3  Cool Base: 18,3  Method: Integration