NOAA-Style Climate Reports

Select a Year or Month report
2019: Jan Feb Mar Apr May Jun Jul Aug Sep Oct Nov Dec

Report for 2019 October
                   Monthly Climatological Summary for okt 2019

Name: De Wilgen - Wagenborgen   City: Wagenborgen / Delfzijl   State: Groningen
Elevation: 0 m  Lat: N 53 15 32   Lon: E 006 55 53

                  Temperature (°C), Rain (mm), Wind Speed (km/h)

                                      Heat  Cool        Avg
    Mean                              Deg   Deg         Wind                 Dom
Day Temp  High   Time   Low    Time   Days  Days  Rain  Speed High   Time    Dir
----------------------------------------------------------------------------------
01  12,8  16,0   11:06  10,7   23:42   5,5   0,0  17,0   3,3  27,4   16:34   NNE
02  11,2  14,9   14:35   8,1   07:48   7,1   0,0   5,6   3,5  29,0   09:59   WNW
03  12,3  16,8   15:21   9,2   23:55   6,0   0,0   3,6   1,9  22,5   01:16   WNW
04   9,7  11,3   12:53   7,6   23:34   8,6   0,0   4,6   2,8  24,1   17:42   ENE
05   9,3  14,4   15:46   4,9   07:37   9,0   0,0   0,2   1,7  22,5   11:23    NE
06   8,1   9,9   15:08   6,6   03:34  10,2   0,0   0,0   0,8  20,9   15:23    NE
07   8,3  12,9   15:16   2,9   07:30  10,0   0,0   0,0   2,0  19,3   02:27    SE
08  12,9  16,6   14:23  10,7   00:52   5,4   0,0   6,8   4,6  22,5   04:50     S
09  10,6  13,1   12:44   9,3   23:33   7,7   0,0   6,4   5,1  22,5   01:07   SSE
10  11,1  15,3   15:47   8,4   01:27   7,2   0,0   1,0   5,7  27,4   15:59     S
11  13,8  15,1   23:15  11,9   00:00   4,5   0,0   5,0  11,2  51,5   15:32   SSE
12  12,2  15,5   01:11  10,3   08:41   6,1   0,0  10,2   2,8  27,4   01:06     S
13  14,6  19,6   19:56  10,7   04:17   3,8   0,2   3,4   3,6  29,0   19:54   SSE
14  13,5  15,8   13:14  11,8   07:30   4,8   0,0   0,0   2,3  22,5   00:01   ESE
15  14,6  17,9   13:26  11,7   08:26   3,7   0,0   6,4   1,3  22,5   12:36   SSE
16  13,3  15,8   14:59  11,8   10:04   5,0   0,0   8,6   4,3  22,5   16:55   SSE
17  13,6  16,1   16:02  11,7   23:59   4,7   0,0   3,6   3,0  19,3   03:25   SSE
18  12,4  16,5   12:43  10,7   22:17   5,9   0,0   2,4   7,9  35,4   15:39   SSE
19  11,1  13,7   11:48   9,4   03:43   7,2   0,0   0,6   6,3  24,1   03:58   SSE
20  10,4  12,8   15:59   8,4   08:30   7,9   0,0   0,2   1,3  11,3   00:06   SSE
21  12,2  15,8   15:50   9,7   23:50   6,1   0,0   2,0   3,7  22,5   06:55    NE
----------------------------------------------------------------------------------
    11,8  19,6    13     2,9     7   136,4   0,2  87,6   3,8  51,5    11     SSE

Max >=  25,0  0
Max <=  30,0 21
Min <=   0,0  0
Min <=  -5,0  0
Max Rain: 17,0 on day 1
Days of Rain: 18 (>= 0,2 mm)  14 (>= 2,0 mm)  0 (>= 20,0 mm)
Heat Base: 18,3  Cool Base: 18,3  Method: Integration