NOAA-Style Climate Reports

Select a Year or Month report
2020: Jan Feb Mar Apr May Jun Jul Aug Sep Oct Nov Dec
2019: Jan Feb Mar Apr May Jun Jul Aug Sep Oct Nov Dec

Report for 2020 March
                   Monthly Climatological Summary for mrt. 2020

Name: De Wilgen - Wagenborgen   City: Wagenborgen / Delfzijl   State: Groningen
Elevation: 0 m  Lat: N 53 15 32   Lon: E 006 55 53

                  Temperature (°C), Rain (mm), Wind Speed (km/h)

                                      Heat  Cool        Avg
    Mean                              Deg   Deg         Wind                 Dom
Day Temp  High   Time   Low    Time   Days  Days  Rain  Speed High   Time    Dir
----------------------------------------------------------------------------------
01   6,0   8,9   14:38   3,1   23:58  12,3   0,0   0,8  14,6  56,3   11:14     S
02   4,7   7,5   14:59   1,8   06:30  13,6   0,0   7,8   5,1  34,2   13:01   SSE
03   4,7   9,2   14:45   1,4   07:25  13,6   0,0   0,6   2,8  28,2   15:09    SW
04   4,2   8,9   12:52   1,0   23:14  14,1   0,0   1,8   2,3  36,2   14:31    SW
05   4,3   9,2   14:11  -1,0   04:04  14,0   0,0   0,2   4,3  38,2   14:34    NE
06   5,1   6,6   00:00   4,1   23:58  13,2   0,0   5,8  16,2  48,3   13:13     N
07   6,7  10,1   14:48   2,9   05:53  11,6   0,0   0,0   4,9  28,2   20:01   SSW
08   8,1   9,1   11:37   6,6   07:07  10,2   0,0   0,8  12,2  42,2   09:46   SSE
09   7,4  10,2   11:56   5,6   23:30  10,9   0,0   1,0   6,1  32,2   14:55   SSW
10   9,2  11,5   18:07   5,4   04:26   9,1   0,0  13,4  12,4  46,3   19:04   SSW
11   9,8  12,9   12:41   6,5   04:42   8,5   0,0   0,2   8,0  42,2   00:12    SW
12   7,7  11,1   01:41   4,7   18:52  10,6   0,0   0,8  14,5  60,4   06:05    SW
13   5,7   9,5   12:33   1,1   21:38  12,6   0,0   2,4  11,0  50,3   09:08     W
14   5,4  10,6   15:31  -1,1   07:13  12,9   0,0   0,0   6,3  34,2   16:00   SSE
15   9,4  12,9   13:08   7,5   03:07   8,9   0,0   0,0  12,0  44,3   05:24   SSE
16   7,3  11,4   14:19   1,5   23:24  11,0   0,0   0,0   2,8  26,2   12:30    NW
17   7,4  12,6   15:39   2,2   00:55  10,9   0,0   0,2   5,9  34,2   10:28     S
18   9,4  11,6   13:48   6,7   03:24   8,9   0,0   0,2   7,8  34,2   08:13     S
19   7,4  10,0   15:49   5,9   06:04  10,9   0,0   0,6   7,2  30,2   17:00     N
20   6,3   8,4   13:20   3,9   19:53  12,0   0,0   0,0  11,2  40,2   16:03   NNE
21   4,1   8,4   14:17   1,0   06:46  14,2   0,0   0,0   8,4  52,3   13:07    NE
22   3,0   8,1   15:14  -1,3   05:45  15,3   0,0   0,0   3,3  28,2   12:11   ESE
23   3,3   9,0   15:28  -1,6   06:27  15,0   0,0   0,0   4,6  34,2   11:59    SE
24   4,5  10,7   14:33  -1,8   06:32  13,8   0,0   0,0   5,2  36,2   13:07   SSE
25   4,9  12,4   14:51  -1,8   05:36  13,4   0,0   0,0   1,7  26,2   15:17     E
26   5,5  10,9   15:42  -0,4   05:41  12,8   0,0   0,0   5,0  38,2   11:47    NE
27   7,3  13,7   14:22   1,7   04:46  11,0   0,0   0,0  10,6  38,2   10:39    NE
28   6,1   9,5   13:23   2,7   06:39  12,2   0,0   0,0  18,1  58,3   16:30     N
----------------------------------------------------------------------------------
     6,2  13,7    27    -1,8    24   337,5   0,0  36,6   8,0  60,4    12       S

Max >=  25,0  0
Max <=  30,0 28
Min <=   0,0  7
Min <=  -5,0  0
Max Rain: 13,4 on day 10
Days of Rain: 15 (>= 0,2 mm)  4 (>= 2,0 mm)  0 (>= 20,0 mm)
Heat Base: 18,3  Cool Base: 18,3  Method: Integration