NOAA-Style Climate Reports

Select a Year or Month report
2020: Jan Feb Mar Apr May Jun Jul Aug Sep Oct Nov Dec
2019: Jan Feb Mar Apr May Jun Jul Aug Sep Oct Nov Dec

Report for 2020 January
                   Monthly Climatological Summary for jan. 2020

Name: De Wilgen - Wagenborgen   City: Wagenborgen / Delfzijl   State: Groningen
Elevation: 0 m  Lat: N 53 15 32   Lon: E 006 55 53

                  Temperature (°C), Rain (mm), Wind Speed (km/h)

                                      Heat  Cool        Avg
    Mean                              Deg   Deg         Wind                 Dom
Day Temp  High   Time   Low    Time   Days  Days  Rain  Speed High   Time    Dir
----------------------------------------------------------------------------------
01  -0,1   1,1   01:44  -0,9   19:18  18,4   0,0   0,2   3,1  20,9   17:01     S
02   1,2   5,3   23:19  -0,9   04:56  17,0   0,0   0,0   6,4  29,0   20:21     S
03   6,6   8,6   13:11   3,7   23:28  11,7   0,0   5,8   6,7  33,8   15:25   SSW
04   5,3   8,1   14:02   2,2   23:51  13,0   0,0   0,6   4,8  37,0   14:26     W
05   5,0   7,2   13:26   0,9   02:57  13,3   0,0   0,0   2,7  19,3   19:01   SSW
06   5,1   6,4   13:45   2,3   20:51  13,2   0,0   0,2   4,7  25,7   15:28     S
07   6,1   8,1   14:33   3,4   09:13  12,2   0,0   0,0   6,3  32,2   23:07     S
08   9,4  11,3   12:13   7,6   00:07   8,9   0,0   1,2   5,1  35,4   00:35   SSW
09  11,6  12,2   16:55  10,3   09:00   4,2   0,0   3,4   6,3  30,6   09:07     S
10   7,1  11,5   00:44   3,0   22:03  11,2   0,0   3,6   6,4  36,2   14:10     W
11   4,5   6,9   22:26   1,9   04:30  13,8   0,0   0,2   9,9  46,3   18:33     S
12   6,7   9,0   17:26   4,9   09:49  11,6   0,0   4,6  12,6  44,3   14:04     S
13   6,0   8,1   23:56   3,7   03:55  12,3   0,0   0,2   8,8  44,3   20:14   SSE
14   9,7  12,2   23:40   8,0   08:53   8,6   0,0   9,4  17,6  56,3   18:46     S
15   9,6  12,1   00:00   5,5   22:08   8,7   0,0   2,6  15,0  56,3   15:50     S
16   6,2   8,4   14:38   3,9   08:26  12,1   0,0   0,2   8,5  36,2   23:32   SSE
17   8,0   9,4   12:20   5,9   23:52  10,3   0,0   0,4  10,1  48,3   23:03     S
18   4,3   6,7   14:14   2,8   09:01  14,0   0,0   4,0   6,0  38,2   01:11   SSW
19   4,2   8,0   13:32   2,0   23:52  14,1   0,0   1,8   2,8  36,2   13:34   NNW
20   4,0   6,9   14:40   1,1   00:15  14,2   0,0   0,0   1,6  18,1   12:30   SSW
----------------------------------------------------------------------------------
     6,0  12,2     9    -0,9     1   242,8   0,0  38,4   7,3  56,3    14       S

Max >=  25,0  0
Max <=  30,0 20
Min <=   0,0  2
Min <=  -5,0  0
Max Rain: 9,4 on day 14
Days of Rain: 16 (>= 0,2 mm)  7 (>= 2,0 mm)  0 (>= 20,0 mm)
Heat Base: 18,3  Cool Base: 18,3  Method: Integration